{"id":91,"date":"2023-08-15T09:32:59","date_gmt":"2023-08-15T07:32:59","guid":{"rendered":"http:\/\/80.78.24.83\/?page_id=91"},"modified":"2023-08-15T11:58:35","modified_gmt":"2023-08-15T09:58:35","slug":"vi-anbefaler","status":"publish","type":"page","link":"https:\/\/abc-kbh.dk\/index.php\/vi-anbefaler\/","title":{"rendered":"VI ANBEFALER"},"content":{"rendered":"\n<div class=\"wp-block-group is-vertical is-layout-flex wp-container-1 wp-block-group-is-layout-flex\">\n<p><strong>OBS: ABC K\u00f8benhavn lukkede i juni 2023. Materialerne er dog stadig frit tilg\u00e6ngelige, men kan dog v\u00e6re for\u00e6ldet.<\/strong><\/p>\n\n\n\n<p><strong>\u200b<\/strong><\/p>\n\n\n\n<p>Her finder du links til forskellige ressourcer, som vi i ABC mener, er v\u00e6rd at kende til.<\/p>\n\n\n\n<p>\u200b<\/p>\n\n\n\n<p>Vi deler links til sp\u00e6ndende og l\u00e6rerige tekster, til forskellige st\u00f8tte- og r\u00e5dgivningsgrupper og til podcast og dokumentarer.<\/p>\n\n\n\n<p>Som udgangspunkt er de r\u00e5dgivninger og st\u00f8ttegrupper vi linker til gratis.<\/p>\n\n\n\n<p>Tjek det ud, og se om der er noget, som du eller en du kender, kunne have brug for.<\/p>\n<\/div>\n\n\n\n<h3 class=\"wp-block-heading\">St\u00f8ttegrupper, psykologisk r\u00e5dgivning o.lign.<\/h3>\n\n\n\n<h4 class=\"wp-block-heading\">F\u00e6ngselsh\u00e5ndbogen<\/h4>\n\n\n\n<p><a rel=\"noreferrer noopener\" href=\"https:\/\/faengselshaandbogen.dk\/\" target=\"_blank\">F\u00e6ngselsh\u00e5ndbogen&nbsp;<\/a>er en gratis guide til b\u00e5de indsatte og p\u00e5r\u00f8rende, som giver et godt indblik i alt fra hvordan en straffesag forl\u00f8ber til gode r\u00e5d under afsoning. Bogen kan k\u00f8bes i papirformat eller l\u00e6ses gratis i PDF-format&nbsp;<a rel=\"noreferrer noopener\" href=\"https:\/\/faengselshaandbogen.dk\/\" target=\"_blank\">her<\/a>.<\/p>\n\n\n\n<h4 class=\"wp-block-heading\">Headspace<\/h4>\n\n\n\n<p><a rel=\"noreferrer noopener\" href=\"https:\/\/www.headspace.dk\/om-headspace\" target=\"_blank\">Headspace&nbsp;<\/a>er et anonymt og gratis r\u00e5dgivningstilbud til b\u00f8rn og unge i alderen 12-25 \u00e5r. Ingen problemer er for store eller sm\u00e5, og alt foreg\u00e5r p\u00e5 de unges pr\u00e6misser.<\/p>\n\n\n\n<h4 class=\"wp-block-heading\">Psykologisk korttidsr\u00e5dgivning (PKR)<\/h4>\n\n\n\n<p>Psykologisk Korttidsr\u00e5dgivning er et r\u00e5dgivningstilbud, der henvender sig til dig med hverdagsproblemer. Det kan f.eks. omhandle dit parforhold, dit job, fysisk eller psykisk sygdom, din for\u00e6ldrerolle mv. Det er et tilbud, der er anonymt og gratis, men ogs\u00e5 tidsbegr\u00e6nset &#8211; typisk op til fem samtaler.<\/p>\n\n\n\n<p><a rel=\"noreferrer noopener\" href=\"http:\/\/pkrnorrebro.dk\/\" target=\"_blank\">PKR N\u00f8rrebro,<\/a><a rel=\"noreferrer noopener\" href=\"https:\/\/pkrvesterbro.dk\/\" target=\"_blank\">&nbsp;Vesterbro,&nbsp;<\/a><a rel=\"noreferrer noopener\" href=\"http:\/\/pkrbagsvaerd.com\/\" target=\"_blank\">Bagsv\u00e6rd<\/a><\/p>\n\n\n\n<h4 class=\"wp-block-heading\">Gadeterapeuterne<\/h4>\n\n\n\n<p><a rel=\"noreferrer noopener\" href=\"https:\/\/gadeterapeuterne.dk\/\" target=\"_blank\">Gadeterapeuterne<\/a>&nbsp;er et gratis tilbud til unge engageret i samfundet gennem humanistisk eller politisk arbejde, der blev stiftet i tiden omkring rydningen af Ungdomshuset p\u00e5 Jagtvej.<br>De tilbyder b\u00e5de op til seks individuelle samtaler med en kvalificeret gadeterapeut, vejledning til selvhj\u00e6lp og samtale\/supervision i grupper.<\/p>\n\n\n\n<h4 class=\"wp-block-heading\">Savn<\/h4>\n\n\n\n<p><a rel=\"noreferrer noopener\" href=\"https:\/\/www.savn.dk\/\" target=\"_blank\">Savn<\/a>&nbsp;er en p\u00e5r\u00f8rendeforening, der tilbyder st\u00f8tte og r\u00e5dgivning til b\u00f8rn og p\u00e5r\u00f8rende til f\u00e6ngslede. De er hverken en del af Kriminalforsorgen eller de sociale myndigheder. Savn tilbyder bl.a. telefonr\u00e5dgivning, weekendophold med familier\u00e5dgivere og har en lukket facebookgruppe for p\u00e5r\u00f8rende.<\/p>\n\n\n\n<h4 class=\"wp-block-heading\">Joannahuset<\/h4>\n\n\n\n<p><a rel=\"noreferrer noopener\" href=\"https:\/\/www.joannahuset.dk\/\" target=\"_blank\">Joannahuset<\/a>&nbsp;er et b\u00f8rne- og ungekrisecenter, som kan r\u00e5dgive unge under 18 \u00e5r. Joannahuset er et anonymt tilbud.<\/p>\n\n\n\n<h3 class=\"wp-block-heading\">Retshj\u00e6lp &#8211; Legal Aid<\/h3>\n\n\n\n<h4 class=\"wp-block-heading\">RUSK<\/h4>\n\n\n\n<p><a rel=\"noreferrer noopener\" href=\"https:\/\/www.rusklaw.dk\/da\/retshjaelpen\/\" target=\"_blank\">P\u00e5 dansk<\/a><a rel=\"noreferrer noopener\" href=\"https:\/\/www.rusklaw.dk\/en\/\" target=\"_blank\">&nbsp; \/\/&nbsp;&nbsp;In English<\/a><\/p>\n\n\n\n<h4 class=\"wp-block-heading\">Settlement<\/h4>\n\n\n\n<p><a rel=\"noreferrer noopener\" href=\"http:\/\/settlementet.dk\/retshjaelp\/\" target=\"_blank\">Vesterbro\/K\u00f8benhavn<\/a><\/p>\n\n\n\n<h4 class=\"wp-block-heading\">Den Sociale Retshj\u00e6lp<\/h4>\n\n\n\n<p><a rel=\"noreferrer noopener\" href=\"http:\/\/www.socialeretshjaelp.dk\/Juridisk-r%C3%A5dgivning.2154.aspx\" target=\"_blank\">K\u00f8benhavn, Aarhus og Horsens \u2013 har b\u00e5de g\u00e6ldsr\u00e5dgivning og retshj\u00e6lp<\/a><\/p>\n\n\n\n<h3 class=\"wp-block-heading\"><br>G\u00e6ldsr\u00e5dgivning<\/h3>\n\n\n\n<p>Hvis regningerne i e-boks er l\u00f8bet l\u00f8bsk eller tog\/bus\/metro-kontrolafgifterne er ude af kontrol, kan det v\u00e6re at g\u00e6ldsr\u00e5dgivning, er noget du kan bruge. De kan hj\u00e6lpe med at arrangere afdragsordninger, tage kontakt til kreditorer og st\u00e5 p\u00e5 din side, hvis inkasso truer.<\/p>\n\n\n\n<h4 class=\"wp-block-heading\">Settlement<\/h4>\n\n\n\n<p><a rel=\"noreferrer noopener\" href=\"http:\/\/settlementet.dk\/retshjaelp\/\" target=\"_blank\">Vesterbro\/K\u00f8benhavn<\/a><\/p>\n\n\n\n<h4 class=\"wp-block-heading\">Den Sociale Retshj\u00e6lp<\/h4>\n\n\n\n<p><a rel=\"noreferrer noopener\" href=\"http:\/\/www.socialeretshjaelp.dk\/Juridisk-r%C3%A5dgivning.2154.aspx\" target=\"_blank\">K\u00f8benhavn, Aarhus og Horsens \u2013 har b\u00e5de g\u00e6ldsr\u00e5dgivning og retshj\u00e6lp.<\/a><\/p>\n\n\n\n<h3 class=\"wp-block-heading\">Internationalt<\/h3>\n\n\n\n<p><a href=\"https:\/\/abcgbg.net\/\" target=\"_blank\" rel=\"noreferrer noopener\"><br>Anarchist Black Cross G\u00f6teborg<\/a><\/p>\n\n\n\n<p>\u200b<\/p>\n\n\n\n<p><a href=\"https:\/\/www.facebook.com\/abcsthlm\/\" target=\"_blank\" rel=\"noreferrer noopener\">Anarchist Black Cross Stockholm<\/a><\/p>\n\n\n\n<p>\u200b<\/p>\n\n\n\n<p><a href=\"https:\/\/www.facebook.com\/ABC-Ume%C3%A5-323278874700921\/\" target=\"_blank\" rel=\"noreferrer noopener\">ABC Ume\u00e5<\/a><\/p>\n\n\n\n<p>\u200b<\/p>\n\n\n\n<p><a href=\"https:\/\/www.facebook.com\/FgSydSolidaritet\/\" target=\"_blank\" rel=\"noreferrer noopener\">F\u00e5nggruppen Syd<\/a><\/p>\n\n\n\n<div class=\"wp-block-buttons is-layout-flex wp-block-buttons-is-layout-flex\">\n<div class=\"wp-block-button\"><a class=\"wp-block-button__link wp-element-button\" href=\"javascript:history.back()\">Tilbage<\/a><\/div>\n<\/div>\n","protected":false},"excerpt":{"rendered":"<p>OBS: ABC K\u00f8benhavn lukkede i juni 2023. Materialerne er dog stadig frit tilg\u00e6ngelige, men kan dog v\u00e6re for\u00e6ldet. \u200b Her finder du links til forskellige ressourcer, som vi i ABC mener, er v\u00e6rd at kende til. \u200b Vi deler links til sp\u00e6ndende og l\u00e6rerige tekster, til forskellige st\u00f8tte- og r\u00e5dgivningsgrupper og til podcast og dokumentarer. [&hellip;]<\/p>\n","protected":false},"author":1,"featured_media":0,"parent":0,"menu_order":0,"comment_status":"closed","ping_status":"closed","template":"","meta":{"footnotes":""},"_links":{"self":[{"href":"https:\/\/abc-kbh.dk\/index.php\/wp-json\/wp\/v2\/pages\/91"}],"collection":[{"href":"https:\/\/abc-kbh.dk\/index.php\/wp-json\/wp\/v2\/pages"}],"about":[{"href":"https:\/\/abc-kbh.dk\/index.php\/wp-json\/wp\/v2\/types\/page"}],"author":[{"embeddable":true,"href":"https:\/\/abc-kbh.dk\/index.php\/wp-json\/wp\/v2\/users\/1"}],"replies":[{"embeddable":true,"href":"https:\/\/abc-kbh.dk\/index.php\/wp-json\/wp\/v2\/comments?post=91"}],"version-history":[{"count":4,"href":"https:\/\/abc-kbh.dk\/index.php\/wp-json\/wp\/v2\/pages\/91\/revisions"}],"predecessor-version":[{"id":166,"href":"https:\/\/abc-kbh.dk\/index.php\/wp-json\/wp\/v2\/pages\/91\/revisions\/166"}],"wp:attachment":[{"href":"https:\/\/abc-kbh.dk\/index.php\/wp-json\/wp\/v2\/media?parent=91"}],"curies":[{"name":"wp","href":"https:\/\/api.w.org\/{rel}","templated":true}]}}