{"id":49,"date":"2023-08-15T08:47:19","date_gmt":"2023-08-15T06:47:19","guid":{"rendered":"http:\/\/80.78.24.83\/?page_id=49"},"modified":"2023-08-15T11:15:01","modified_gmt":"2023-08-15T09:15:01","slug":"om-os","status":"publish","type":"page","link":"https:\/\/abc-kbh.dk\/index.php\/om-os\/","title":{"rendered":"OM OS"},"content":{"rendered":"\n<h3 class=\"wp-block-heading\">F\u00c6NGSLET ER ET REPRESSIONSMIDDEL<br>FOR DEN HERSKENDE KLASSE\u00a0<\/h3>\n\n\n\n<h4 class=\"wp-block-heading\">HVAD G\u00d8R VI OG HAR GJORT?<\/h4>\n\n\n\n<p><strong>OBS: ABC K\u00f8benhavn lukkede i juni 2023. Materialerne er dog stadig frit tilg\u00e6ngelige, men kan dog v\u00e6re for\u00e6ldet.<\/strong><\/p>\n\n\n\n<p><strong>\u200b<\/strong><\/p>\n\n\n\n<p>ABC K\u00f8benhavn st\u00f8tter konkret f\u00e6ngslede ved at s\u00e6tte rammerne for at sende breve til f\u00e6ngslede i ind- og udland. Vi medbringer lister med informationer p\u00e5 internationale f\u00e6ngslede der \u00f8nsker at f\u00e5 breve, samt s\u00f8rger for at disse bliver sendt afsted. Vi skaber et rum, hvor vi kan snakke sammen om hvordan det er at v\u00e6re f\u00e6ngslet, hvorfor vi er kritiske og hvorfor brevskrivning kan bidrage med at den f\u00e6ngsledes ophold bliver mere t\u00e5leligt.&nbsp;<\/p>\n\n\n\n<p>\u200b<\/p>\n\n\n\n<p>\u200b<\/p>\n\n\n\n<p>Vi har tidligere arbejdet med at:<\/p>\n\n\n\n<p>\u200b<\/p>\n\n\n\n<ul>\n<li>Deltage i retssager som bisiddere<\/li>\n\n\n\n<li>Formidle kontakt til advokater<\/li>\n\n\n\n<li>Bes\u00f8ge f\u00e6ngslede<\/li>\n\n\n\n<li>S\u00f8rge for kontakt mellem f\u00e6ngslede og p\u00e5r\u00f8rende<\/li>\n\n\n\n<li>Formidle solidaritetsbreve<\/li>\n\n\n\n<li>St\u00f8tte f\u00e6ngslede og hj\u00e6lpe med n\u00f8dvendige informationer<\/li>\n\n\n\n<li>Bist\u00e5 p\u00e5r\u00f8rende<\/li>\n<\/ul>\n\n\n\n<p>\u200b<\/p>\n\n\n\n<p>Derudover har vi lavet oplysningsarbejde om rettigheder, sikkerhedskultur og kritik af f\u00e6ngselsv\u00e6senet igennem kampagner, infoarrangementer og workshops, og vi har v\u00e6ret til stede ved protester og demonstrationer i ind- og udland. Vi har afholdt caf\u00e9m\u00f8der hvor folk, der selv har oplevelser med f\u00e6ngselsv\u00e6senet eller deres p\u00e5r\u00f8rende, har m\u00f8des og talt sammen.<\/p>\n\n\n\n<h4 class=\"wp-block-heading\">HVAD G\u00d8R VI IKKE?<\/h4>\n\n\n\n<p><br>Vi yder ikke juridisk bistand, men vi formidler gerne kontakt til andre, der g\u00f8r. Vi samarbejder ikke med staten, kommunen, arbejdsgivere eller andre magtinstanser. Vores prioritet er at hj\u00e6lpe vores brugere s\u00e5 godt som muligt og vi videregiver ikke oplysninger, der kan skade dem.<\/p>\n\n\n\n<h4 class=\"wp-block-heading\"><br>OM ABC K\u00d8BENHAVN<\/h4>\n\n\n\n<p><br>ABC K\u00f8benhavn er en rettighedsgruppe for folk, der oplever problemer med politi og f\u00e6ngsel i forbindelse med politisk arbejde. Gruppen er en del af det internationale netv\u00e6rk Anarchist Black Cross, som har eksisteret i mere end 100 \u00e5r. Vi ser f\u00e6ngslet som et repressionsmiddel for den herskende klasse. Vi k\u00e6mper for l\u00f8sladelse af politiske fanger og vi forholder os kritisk til f\u00e6ngselssystemet.<\/p>\n","protected":false},"excerpt":{"rendered":"<p>F\u00c6NGSLET ER ET REPRESSIONSMIDDELFOR DEN HERSKENDE KLASSE\u00a0 HVAD G\u00d8R VI OG HAR GJORT? OBS: ABC K\u00f8benhavn lukkede i juni 2023. Materialerne er dog stadig frit tilg\u00e6ngelige, men kan dog v\u00e6re for\u00e6ldet. \u200b ABC K\u00f8benhavn st\u00f8tter konkret f\u00e6ngslede ved at s\u00e6tte rammerne for at sende breve til f\u00e6ngslede i ind- og udland. Vi medbringer lister med [&hellip;]<\/p>\n","protected":false},"author":1,"featured_media":0,"parent":0,"menu_order":0,"comment_status":"closed","ping_status":"closed","template":"","meta":{"footnotes":""},"_links":{"self":[{"href":"https:\/\/abc-kbh.dk\/index.php\/wp-json\/wp\/v2\/pages\/49"}],"collection":[{"href":"https:\/\/abc-kbh.dk\/index.php\/wp-json\/wp\/v2\/pages"}],"about":[{"href":"https:\/\/abc-kbh.dk\/index.php\/wp-json\/wp\/v2\/types\/page"}],"author":[{"embeddable":true,"href":"https:\/\/abc-kbh.dk\/index.php\/wp-json\/wp\/v2\/users\/1"}],"replies":[{"embeddable":true,"href":"https:\/\/abc-kbh.dk\/index.php\/wp-json\/wp\/v2\/comments?post=49"}],"version-history":[{"count":3,"href":"https:\/\/abc-kbh.dk\/index.php\/wp-json\/wp\/v2\/pages\/49\/revisions"}],"predecessor-version":[{"id":157,"href":"https:\/\/abc-kbh.dk\/index.php\/wp-json\/wp\/v2\/pages\/49\/revisions\/157"}],"wp:attachment":[{"href":"https:\/\/abc-kbh.dk\/index.php\/wp-json\/wp\/v2\/media?parent=49"}],"curies":[{"name":"wp","href":"https:\/\/api.w.org\/{rel}","templated":true}]}}